s divided by 51?
49
Calculate the remainder when 13460 is divided by 72.
68
Calculate the remainder when 3421 is divided by 25.
21
What is the remainder when 35 is divided by 9?
8
What is the remainder when 134 is divided by 23?
19
What is the remainder when 299 is divided by 156?
143
What is the remainder when 71 is divided by 30?
11
What is the remainder when 214 is divided by 21?
4
Calculate the remainder when 1124 is divided by 136.
36
What is the remainder when 1020 is divided by 64?
60
Calculate the remainder when 1033 is divided by 74.
71
Calculate the remainder when 53 is divided by 20.
13
Calculate the remainder when 112 is divided by 25.
12
What is the remainder when 5131 is divided by 731?
14
Calculate the remainder when 5150 is divided by 4.
2
What is the remainder when 914 is divided by 131?
128
What is the remainder when 265 is divided by 50?
15
Calculate the remainder when 651 is divided by 23.
7
What is the remainder when 4045 is divided by 150?
145
Calculate the remainder when 337 is divided by 13.
12
What is the remainder when 43 is divided by 38?
5
What is the remainder when 257 is divided by 25?
7
Calculate the remainder when 227 is divided by 21.
17
Calculate the remainder when 229 is divided by 73.
10
What is the remainder when 518 is divided by 169?
11
Calculate the remainder when 512 is divided by 10.
2
What is the remainder when 174 is divided by 7?
6
Calculate the remainder when 4258 is divided by 30.
28
Calculate the remainder when 27 is divided by 6.
3
Calculate the remainder when 13 is divided by 11.
2
What is the remainder when 60 is divided by 21?
18
What is the remainder when 25764 is divided by 21?
18
What is the remainder when 2966 is divided by 301?
257
What is the remainder when 26 is divided by 16?
10
What is the remainder when 49596 is divided by 99?
96
What is the remainder when 2903 is divided by 722?
15
What is the remainder when 185 is divided by 16?
9
Calculate the remainder when 2248 is divided by 62.
16
Calculate the remainder when 172 is divided by 39.
16
Calculate the remainder when 2407 is divided by 8.
7
What is the remainder when 390 is divided by 8?
6
What is the remainder when 89 is divided by 13?
11
What is the remainder when 22 is divided by 14?
8
Calculate the remainder when 31391 is divided by 48.
47
Calculate the remainder when 257 is divided by 46.
27
Calculate the remainder when 567 is divided by 18.
9
Calculate the remainder when 81 is divided by 40.
1
Calculate the remainder when 3272 is divided by 26.
22
Calculate the remainder when 118 is divided by 55.
8
Calculate the remainder when 1279 is divided by 16.
15
What is the remainder when 959 is divided by 26?
23
Calculate the remainder when 117 is divided by 21.
12
What is the remainder when 570 is divided by 250?
70
Calculate the remainder when 497 is divided by 241.
15
What is the remainder when 89 is divided by 53?
36
What is the remainder when 34 is divided by 27?
7
Calculate the remainder when 19533 is divided by 66.
63
Calculate the remainder when 26268 is divided by 74.
72
What is the remainder when 371 is divided by 72?
11
What is the remainder when 311 is divided by 63?
59
Calculate the remainder when 2337 is divided by 26.
23
Calculate the remainder when 1412 is divided by 454.
50
Calculate the remainder when 946 is divided by 221.
62
What is the remainder when 187 is divided by 88?
11
What is the remainder when 40477 is divided by 16?
13
What is the remainder when 74 is divided by 31?
12
Calculate the remainder when 3077 is divided by 40.
37
Calculate the remainder when 7837 is divided by 16.
13
What is the remainder when 51 is divided by 19?
13
Calculate the remainder when 17023 is divided by 64.
63
Calculate the remainder when 168 is divided by 14.
0
What is the remainder when 27 is divided by 8?
3
What is the remainder when 89 is divided by 32?
25
What is the remainder when 1633 is divided by 15?
13
Calculate the remainder when 25 is divided by 15.
10
Calculate the remainder when 844 is divided by 167.
9
Calculate the remainder when 3957 is divided by 12.
9
What is the remainder when 122 is divided by 4?
2
Calculate the remainder when 115 is divided by 31.
22
Calculate the remainder when 688 is divided by 687.
1
What is the remainder when 14776 is divided by 18?
16
Calculate the remainder when 143 is divided by 21.
17
What is the remainder when 2205 is divided by 123?
114
Calculate the remainder when 672 is divided by 51.
9
Calculate the remainder when 376 is divided by 126.
124
What is the remainder when 848 is divided by 54?
38
Calculate the remainder when 376 is divided by 27.
25
Calculate the remainder when 2084 is divided by 6.
2
What is the remainder when 18238 is divided by 57?
55
Calculate the remainder when 3497 is divided by 140.
137
Calculate the remainder when 364 is divided by 42.
28
What is the remainder when 35205 is divided by 12?
9
What is the remainder when 163 is divided by 96?
67
What is the remainder when 2649 is divided by 60?
9
What is the remainder when 181 is divided by 13?
12
Calculate the remainder when 744 is divided by 17.
13
Calculate the remainder when 7771 is divided by 26.
23
Calculate the remainder when 945 is divided by 148.
57
What is the remainder when 37 is divided by 6?
1
What is the remainder when 7 is divided by 5?
2
What is the remainder when 85 is divided by 25?
10
Calculate the remainder when 4879 is divided by 3.
1
Calculate the remainder when 89 is divided by 19.
13
What is the remainder when 33 is divided by 12?
9
What is the remainder when 159 is divided by 6?
3
Calculate the remainder when 25 is divided by 18.
7
Calculate the remainder when 251 is divided by 48.
11
Calculate the remainder when 80 is divided by 71.
9
What is the remainder when 192 is divided by 16?
0
Calculate the remainder when 1272 is divided by 13.
11
Calculate the remainder when 184 is divided by 100.
84
Calculate the remainder when 87 is divided by 4.
3
Calculate the remainder when 299 is divided by 5.
4
Calculate the remainder when 64 is divided by 13.
12
What is the remainder when 117 is divided by 10?
7
What is the remainder when 473 is divided by 25?
23
Calculate the remainder when 1309 is divided by 16.
13
Calculate the remainder when 3402 is divided by 3386.
16
Calculate the remainder when 21458 is divided by 169.
164
Calculate the remainder when 355 is divided by 15.
10
Calculate the remainder when 39 is divided by 3.
0
What is the remainder when 282 is divided by 51?
27
Calculate the remainder when 67 is divided by 24.
19
Calculate the remainder when 106 is divided by 55.
51
What is the remainder when 209 is divided by 115?
94
Calculate the remainder when 243 is divided by 4.
3
Calculate the remainder when 44 is divided by 40.
4
Calculate the remainder when 8512 is divided by 18.
16
Calculate the remainder when 67 is divided by 46.
21
What is the remainder when 72 is divided by 16?
8
Calculate the remainder when 1205 is divided by 130.
35
What is the remainder when 129 is divided by 29?
13
What is the remainder when 359 is divided by 45?
44
What is the remainder when 803 is divided by 35?
33
Calculate the remainder when 464 is divided by 9.
5
What is the remainder when 58 is divided by 44?
14
Calculate the remainder when 867 is divided by 432.
3
What is the remainder when 652 is divided by 219?
214
Calculate the remainder when 202 is divided by 134.
68
What is the remainder when 176 is divided by 5?
1
Calculate the remainder when 178 is divided by 27.
16
What is the remainder when 832 is divided by 275?
7
Calculate the remainder when 34 is divided by 20.
14
What is the remainder when 2723 is divided by 47?
44
Calculate the remainder when 326 is divided by 93.
47
Calculate the remainder when 490 is divided by 55.
50
Calculate the remainder when 60 is divided by 21.
18
What is the remainder when 20 is divided by 15?
5
What is the remainder when 2768 is divided by 59?
54
Calculate the remainder when 33 is divided by 9.
6
Calculate the remainder when 650 is divided by 134.
114
What is the remainder when 101 is divided by 30?
11
What is the remainder when 519 is divided by 254?
11
Calculate the remainder when 475 is divided by 220.
35
What is the remainder when 187 is divided by 9?
7
Calculate